{"id":1097,"date":"2023-05-10T09:33:42","date_gmt":"2023-05-10T08:33:42","guid":{"rendered":"https:\/\/qmade.usal.es\/?page_id=1097"},"modified":"2025-12-22T13:55:33","modified_gmt":"2025-12-22T12:55:33","slug":"1097-2","status":"publish","type":"page","link":"https:\/\/qmade.usal.es\/","title":{"rendered":"<!--Home -->"},"content":{"rendered":"<p>&nbsp;<\/p>\r\n\r\n<p>&nbsp;<\/p>\r\n\r\n\r\n\n<p>&nbsp;<\/p>\n<hr \/>\n\r\n\r\n\r\n<h4 class=\"wp-block-heading\">Welcome<\/h4>\r\n\r\n\r\n\r\n<p>Welcome to the QMADE Lab website!\u00a0 We combine advanced nanofabrication, quantum transport and optical spectroscopy techniques in order to investigate the properties of electronic states in novel quantum materials.<\/p>\r\n<p>Currently, we are interested in exploring the interplay between symmetry and correlations in low dimensional systems, towards the realization of high performance optical and electronic devices.<\/p>\r\n\r\n\r\n\r\n<div>We are part of the Research Centre <a href=\"https:\/\/lumes.usal.es\/en\/home\/\">LUMES <\/a>(\u00abLUz y Materia EStructuradas\u00bb), aiming to undertake research at the frontiers of structured attosecond science and quantum matter.\r\n<p>&nbsp;<\/p>\r\n<\/div>\r\n\r\n\r\n\r\n<div class=\"n2_ss_slider_publish__option_code\" dir=\"ltr\" data-mode=\"id\">\u00a0<\/div>\r\n\r\n\r\n\r\n<h4 class=\"wp-block-heading\"><strong>Latest News<\/strong><\/h4>\r\n\r\n\r\n\r\n<div class=\"wp-block-query is-layout-flow wp-block-query-is-layout-flow\"><ul style=\"line-height:0.3;text-transform:capitalize;\" class=\"is-flex-container columns-3 wp-block-post-template has-small-font-size is-layout-flow wp-block-post-template-is-layout-flow\"><li class=\"wp-block-post post-1663 post type-post status-publish format-standard has-post-thumbnail hentry category-publications\">\r\n\r\n\r\n<div class=\"wp-block-columns are-vertically-aligned-top has-small-font-size is-layout-flex wp-container-core-columns-is-layout-9d6595d7 wp-block-columns-is-layout-flex\">\r\n<div class=\"wp-block-column is-vertically-aligned-top is-layout-flow wp-block-column-is-layout-flow\" style=\"flex-basis: 62.5%;\"><figure class=\"wp-block-post-featured-image\"><a href=\"https:\/\/qmade.usal.es\/?p=1663\" target=\"_self\"  ><img loading=\"lazy\" decoding=\"async\" width=\"1200\" height=\"675\" src=\"https:\/\/qmade.usal.es\/wp-content\/uploads\/sites\/36\/2025\/12\/ACSN-1200x675.jpg\" class=\"attachment-post-thumbnail size-post-thumbnail wp-post-image\" alt=\"Unveiling the Miniband Structure of Graphene Moir\u00e9 Superlattices via THz Photocurrent Spectroscopy\" style=\"object-fit:cover;\" srcset=\"https:\/\/qmade.usal.es\/wp-content\/uploads\/sites\/36\/2025\/12\/ACSN-1200x675.jpg 1200w, https:\/\/qmade.usal.es\/wp-content\/uploads\/sites\/36\/2025\/12\/ACSN-300x169.jpg 300w, https:\/\/qmade.usal.es\/wp-content\/uploads\/sites\/36\/2025\/12\/ACSN-1024x576.jpg 1024w, https:\/\/qmade.usal.es\/wp-content\/uploads\/sites\/36\/2025\/12\/ACSN-768x432.jpg 768w, https:\/\/qmade.usal.es\/wp-content\/uploads\/sites\/36\/2025\/12\/ACSN.jpg 1280w\" sizes=\"auto, (max-width: 709px) 85vw, (max-width: 909px) 67vw, (max-width: 1362px) 88vw, 1200px\" \/><\/a><\/figure><\/div>\r\n\r\n\r\n\r\n<div class=\"wp-block-column is-vertically-aligned-top is-layout-flow wp-block-column-is-layout-flow\" style=\"flex-basis: 37.5%;\">\r\n<div class=\"wp-block-group has-small-font-size\"><div class=\"wp-block-group__inner-container is-layout-constrained wp-block-group-is-layout-constrained\">\r\n<div class=\"wp-block-columns are-vertically-aligned-top has-small-font-size is-layout-flex wp-container-core-columns-is-layout-9d6595d7 wp-block-columns-is-layout-flex\">\r\n<div class=\"wp-block-column is-vertically-aligned-top is-layout-flow wp-block-column-is-layout-flow\" style=\"flex-basis: 100%;\"><h3 style=\"text-transform:none;\" class=\"has-text-align-left wp-block-post-title has-small-font-size\"><a href=\"https:\/\/qmade.usal.es\/?p=1663\" target=\"_self\" >Unveiling the Miniband Structure of Graphene Moir\u00e9 Superlattices via THz Photocurrent Spectroscopy<\/a><\/h3><\/div>\r\n<\/div>\r\n<\/div><\/div>\r\n<\/div>\r\n<\/div>\r\n<\/li><li class=\"wp-block-post post-1655 post type-post status-publish format-standard has-post-thumbnail hentry category-publications\">\r\n\r\n\r\n<div class=\"wp-block-columns are-vertically-aligned-top has-small-font-size is-layout-flex wp-container-core-columns-is-layout-9d6595d7 wp-block-columns-is-layout-flex\">\r\n<div class=\"wp-block-column is-vertically-aligned-top is-layout-flow wp-block-column-is-layout-flow\" style=\"flex-basis: 62.5%;\"><figure class=\"wp-block-post-featured-image\"><a href=\"https:\/\/qmade.usal.es\/?p=1655\" target=\"_self\"  ><img loading=\"lazy\" decoding=\"async\" width=\"1140\" height=\"400\" src=\"https:\/\/qmade.usal.es\/wp-content\/uploads\/sites\/36\/2025\/12\/lumes-summer-school.jpg\" class=\"attachment-post-thumbnail size-post-thumbnail wp-post-image\" alt=\"1st International Summer School on Structured Light and Matter\" style=\"object-fit:cover;\" srcset=\"https:\/\/qmade.usal.es\/wp-content\/uploads\/sites\/36\/2025\/12\/lumes-summer-school.jpg 1140w, https:\/\/qmade.usal.es\/wp-content\/uploads\/sites\/36\/2025\/12\/lumes-summer-school-300x105.jpg 300w, https:\/\/qmade.usal.es\/wp-content\/uploads\/sites\/36\/2025\/12\/lumes-summer-school-1024x359.jpg 1024w, https:\/\/qmade.usal.es\/wp-content\/uploads\/sites\/36\/2025\/12\/lumes-summer-school-768x269.jpg 768w\" sizes=\"auto, (max-width: 709px) 85vw, (max-width: 909px) 67vw, (max-width: 1362px) 88vw, 1200px\" \/><\/a><\/figure><\/div>\r\n\r\n\r\n\r\n<div class=\"wp-block-column is-vertically-aligned-top is-layout-flow wp-block-column-is-layout-flow\" style=\"flex-basis: 37.5%;\">\r\n<div class=\"wp-block-group has-small-font-size\"><div class=\"wp-block-group__inner-container is-layout-constrained wp-block-group-is-layout-constrained\">\r\n<div class=\"wp-block-columns are-vertically-aligned-top has-small-font-size is-layout-flex wp-container-core-columns-is-layout-9d6595d7 wp-block-columns-is-layout-flex\">\r\n<div class=\"wp-block-column is-vertically-aligned-top is-layout-flow wp-block-column-is-layout-flow\" style=\"flex-basis: 100%;\"><h3 style=\"text-transform:none;\" class=\"has-text-align-left wp-block-post-title has-small-font-size\"><a href=\"https:\/\/qmade.usal.es\/?p=1655\" target=\"_self\" >1st International Summer School on Structured Light and Matter<\/a><\/h3><\/div>\r\n<\/div>\r\n<\/div><\/div>\r\n<\/div>\r\n<\/div>\r\n<\/li><li class=\"wp-block-post post-1636 post type-post status-publish format-standard has-post-thumbnail hentry category-publications\">\r\n\r\n\r\n<div class=\"wp-block-columns are-vertically-aligned-top has-small-font-size is-layout-flex wp-container-core-columns-is-layout-9d6595d7 wp-block-columns-is-layout-flex\">\r\n<div class=\"wp-block-column is-vertically-aligned-top is-layout-flow wp-block-column-is-layout-flow\" style=\"flex-basis: 62.5%;\"><figure class=\"wp-block-post-featured-image\"><a href=\"https:\/\/qmade.usal.es\/?p=1636\" target=\"_self\"  ><img loading=\"lazy\" decoding=\"async\" width=\"402\" height=\"468\" src=\"https:\/\/qmade.usal.es\/wp-content\/uploads\/sites\/36\/2023\/05\/Imagen13.png\" class=\"attachment-post-thumbnail size-post-thumbnail wp-post-image\" alt=\"2-year postdoc opening\" style=\"object-fit:cover;\" srcset=\"https:\/\/qmade.usal.es\/wp-content\/uploads\/sites\/36\/2023\/05\/Imagen13.png 402w, https:\/\/qmade.usal.es\/wp-content\/uploads\/sites\/36\/2023\/05\/Imagen13-258x300.png 258w\" sizes=\"auto, (max-width: 709px) 85vw, (max-width: 909px) 67vw, (max-width: 1362px) 88vw, 1200px\" \/><\/a><\/figure><\/div>\r\n\r\n\r\n\r\n<div class=\"wp-block-column is-vertically-aligned-top is-layout-flow wp-block-column-is-layout-flow\" style=\"flex-basis: 37.5%;\">\r\n<div class=\"wp-block-group has-small-font-size\"><div class=\"wp-block-group__inner-container is-layout-constrained wp-block-group-is-layout-constrained\">\r\n<div class=\"wp-block-columns are-vertically-aligned-top has-small-font-size is-layout-flex wp-container-core-columns-is-layout-9d6595d7 wp-block-columns-is-layout-flex\">\r\n<div class=\"wp-block-column is-vertically-aligned-top is-layout-flow wp-block-column-is-layout-flow\" style=\"flex-basis: 100%;\"><h3 style=\"text-transform:none;\" class=\"has-text-align-left wp-block-post-title has-small-font-size\"><a href=\"https:\/\/qmade.usal.es\/?p=1636\" target=\"_self\" >2-year postdoc opening<\/a><\/h3><\/div>\r\n<\/div>\r\n<\/div><\/div>\r\n<\/div>\r\n<\/div>\r\n<\/li><\/ul><\/div>\r\n\r\n\r\n\r\n<h4 class=\"wp-block-heading\">Funding<\/h4>\r\n\r\n<p><!-- \/wp:post-content --><\/p>\r\n<div class=\"n2_ss_slider_publish__option_code\" dir=\"ltr\" data-mode=\"id\"><\/div>\r\n<p>&nbsp;<\/p>\r\n<p><!-- wp:query {\"queryId\":10,\"query\":{\"perPage\":3,\"pages\":0,\"offset\":0,\"postType\":\"post\",\"order\":\"desc\",\"orderBy\":\"date\",\"author\":\"\",\"search\":\"\",\"exclude\":[],\"sticky\":\"\",\"inherit\":false},\"displayLayout\":{\"type\":\"flex\",\"columns\":3}} --><\/p>\r\n<div class=\"wp-block-query\"><!-- wp:query-pagination --><br \/><!-- wp:query-pagination-previous \/-->\r\n<p>&nbsp;<\/p>\r\n<p><!-- wp:query-pagination-numbers \/--><\/p>\r\n<p><!-- wp:query-pagination-next \/--><br \/><!-- \/wp:query-pagination --><\/p>\r\n<p><!-- wp:query-no-results --><br \/><!-- wp:paragraph {\"placeholder\":\"A\u00f1ade texto o bloques que se mostrar\u00e1n cuando la consulta no devuelva ning\u00fan resultado.\"} --><\/p>\r\n<p><!-- \/wp:paragraph --><br \/><!-- \/wp:query-no-results --><\/p>\r\n<\/div>\r\n<p><!-- \/wp:query --><\/p>","protected":false},"excerpt":{"rendered":"<p>&nbsp; &nbsp; Welcome Welcome to the QMADE Lab website!\u00a0 We combine advanced nanofabrication, quantum transport and optical spectroscopy techniques in order to investigate the properties of electronic states in novel quantum materials. Currently, we are interested in exploring the interplay between symmetry and correlations in low dimensional systems, towards the realization of high performance optical &hellip; <a href=\"https:\/\/qmade.usal.es\/\" class=\"more-link\">Continuar leyendo<span class=\"screen-reader-text\"> \u00ab<!--Home -->\u00ab<\/span><\/a><\/p>\n","protected":false},"author":1,"featured_media":0,"parent":0,"menu_order":0,"comment_status":"closed","ping_status":"closed","template":"","meta":{"footnotes":""},"class_list":["post-1097","page","type-page","status-publish","hentry"],"aioseo_notices":[],"_links":{"self":[{"href":"https:\/\/qmade.usal.es\/index.php?rest_route=\/wp\/v2\/pages\/1097","targetHints":{"allow":["GET"]}}],"collection":[{"href":"https:\/\/qmade.usal.es\/index.php?rest_route=\/wp\/v2\/pages"}],"about":[{"href":"https:\/\/qmade.usal.es\/index.php?rest_route=\/wp\/v2\/types\/page"}],"author":[{"embeddable":true,"href":"https:\/\/qmade.usal.es\/index.php?rest_route=\/wp\/v2\/users\/1"}],"replies":[{"embeddable":true,"href":"https:\/\/qmade.usal.es\/index.php?rest_route=%2Fwp%2Fv2%2Fcomments&post=1097"}],"version-history":[{"count":77,"href":"https:\/\/qmade.usal.es\/index.php?rest_route=\/wp\/v2\/pages\/1097\/revisions"}],"predecessor-version":[{"id":1701,"href":"https:\/\/qmade.usal.es\/index.php?rest_route=\/wp\/v2\/pages\/1097\/revisions\/1701"}],"wp:attachment":[{"href":"https:\/\/qmade.usal.es\/index.php?rest_route=%2Fwp%2Fv2%2Fmedia&parent=1097"}],"curies":[{"name":"wp","href":"https:\/\/api.w.org\/{rel}","templated":true}]}}